{"id":22,"date":"2018-06-24T22:12:27","date_gmt":"2018-06-24T22:12:27","guid":{"rendered":"http:\/\/www.nbc-trucks.de\/?page_id=22"},"modified":"2026-03-23T15:45:13","modified_gmt":"2026-03-23T15:45:13","slug":"agb","status":"publish","type":"page","link":"https:\/\/www.nbc-trucks.de\/?page_id=22","title":{"rendered":"AGB"},"content":{"rendered":"\t\t<div data-elementor-type=\"wp-post\" data-elementor-id=\"22\" class=\"elementor elementor-22\">\n\t\t\t\t\t\t<div class=\"elementor-inner\">\n\t\t\t\t<div class=\"elementor-section-wrap\">\n\t\t\t\t\t\t\t\t\t<section class=\"elementor-section elementor-top-section elementor-element elementor-element-f23e2c0 elementor-section-boxed elementor-section-height-default elementor-section-height-default\" data-id=\"f23e2c0\" data-element_type=\"section\">\n\t\t\t\t\t\t<div class=\"elementor-container elementor-column-gap-default\">\n\t\t\t\t\t\t\t<div class=\"elementor-row\">\n\t\t\t\t\t<div class=\"elementor-column elementor-col-100 elementor-top-column elementor-element elementor-element-224eb74\" data-id=\"224eb74\" data-element_type=\"column\">\n\t\t\t<div class=\"elementor-column-wrap\">\n\t\t\t\t\t\t\t<div class=\"elementor-widget-wrap\">\n\t\t\t\t\t\t\t\t<\/div>\n\t\t\t\t\t<\/div>\n\t\t<\/div>\n\t\t\t\t\t\t\t\t<\/div>\n\t\t\t\t\t<\/div>\n\t\t<\/section>\n\t\t\t\t<section class=\"elementor-section elementor-top-section elementor-element elementor-element-8548ef8 elementor-section-boxed elementor-section-height-default elementor-section-height-default\" data-id=\"8548ef8\" data-element_type=\"section\">\n\t\t\t\t\t\t<div class=\"elementor-container elementor-column-gap-default\">\n\t\t\t\t\t\t\t<div class=\"elementor-row\">\n\t\t\t\t\t<div class=\"elementor-column elementor-col-100 elementor-top-column elementor-element elementor-element-c7c5965\" data-id=\"c7c5965\" data-element_type=\"column\">\n\t\t\t<div class=\"elementor-column-wrap elementor-element-populated\">\n\t\t\t\t\t\t\t<div class=\"elementor-widget-wrap\">\n\t\t\t\t\t\t<div class=\"elementor-element elementor-element-3edc0ce elementor-widget elementor-widget-spacer\" data-id=\"3edc0ce\" data-element_type=\"widget\" data-widget_type=\"spacer.default\">\n\t\t\t\t<div class=\"elementor-widget-container\">\n\t\t\t\t\t<div class=\"elementor-spacer\">\n\t\t\t<div class=\"elementor-spacer-inner\"><\/div>\n\t\t<\/div>\n\t\t\t\t<\/div>\n\t\t\t\t<\/div>\n\t\t\t\t\t\t<\/div>\n\t\t\t\t\t<\/div>\n\t\t<\/div>\n\t\t\t\t\t\t\t\t<\/div>\n\t\t\t\t\t<\/div>\n\t\t<\/section>\n\t\t\t\t<section class=\"elementor-section elementor-top-section elementor-element elementor-element-d1c1860 elementor-section-boxed elementor-section-height-default elementor-section-height-default\" data-id=\"d1c1860\" data-element_type=\"section\">\n\t\t\t\t\t\t<div class=\"elementor-container elementor-column-gap-default\">\n\t\t\t\t\t\t\t<div class=\"elementor-row\">\n\t\t\t\t\t<div class=\"elementor-column elementor-col-100 elementor-top-column elementor-element elementor-element-fb2dd80\" data-id=\"fb2dd80\" data-element_type=\"column\">\n\t\t\t<div class=\"elementor-column-wrap elementor-element-populated\">\n\t\t\t\t\t\t\t<div class=\"elementor-widget-wrap\">\n\t\t\t\t\t\t<div class=\"elementor-element elementor-element-a1e64b2 elementor-widget elementor-widget-heading\" data-id=\"a1e64b2\" data-element_type=\"widget\" data-widget_type=\"heading.default\">\n\t\t\t\t<div class=\"elementor-widget-container\">\n\t\t\t<h2 class=\"elementor-heading-title elementor-size-default\">Allgemeine Gesch\u00e4ftsbedingungen<\/h2>\t\t<\/div>\n\t\t\t\t<\/div>\n\t\t\t\t\t\t<\/div>\n\t\t\t\t\t<\/div>\n\t\t<\/div>\n\t\t\t\t\t\t\t\t<\/div>\n\t\t\t\t\t<\/div>\n\t\t<\/section>\n\t\t\t\t<section class=\"elementor-section elementor-top-section elementor-element elementor-element-10b1834 elementor-section-boxed elementor-section-height-default elementor-section-height-default\" data-id=\"10b1834\" data-element_type=\"section\">\n\t\t\t\t\t\t<div class=\"elementor-container elementor-column-gap-default\">\n\t\t\t\t\t\t\t<div class=\"elementor-row\">\n\t\t\t\t\t<div class=\"elementor-column elementor-col-100 elementor-top-column elementor-element elementor-element-ac38e92\" data-id=\"ac38e92\" data-element_type=\"column\">\n\t\t\t<div class=\"elementor-column-wrap elementor-element-populated\">\n\t\t\t\t\t\t\t<div class=\"elementor-widget-wrap\">\n\t\t\t\t\t\t<div class=\"elementor-element elementor-element-d10983d elementor-widget elementor-widget-text-editor\" data-id=\"d10983d\" data-element_type=\"widget\" data-widget_type=\"text-editor.default\">\n\t\t\t\t<div class=\"elementor-widget-container\">\n\t\t\t\t\t\t\t\t<div class=\"elementor-text-editor elementor-clearfix\">\n\t\t\t\t<p style=\"text-align: left;\"><strong>Allgemeine Gesch\u00e4ftsbedingungen f\u00fcr gebrauchte Kraftfahrzeuge<\/strong><\/p><h2 style=\"text-align: left;\" data-section-id=\"iqdfgy\" data-start=\"315\" data-end=\"343\"><span role=\"text\"><strong data-start=\"318\" data-end=\"343\">I. Vertragsgegenstand<\/strong><\/span><\/h2><p style=\"text-align: left;\" data-start=\"345\" data-end=\"494\">(1) Die nachstehenden Allgemeinen Gesch\u00e4ftsbedingungen gelten f\u00fcr den Verkauf gebrauchter Kraftfahrzeuge im unternehmerischen Gesch\u00e4ftsverkehr (B2B).<\/p><p style=\"text-align: left;\" data-start=\"496\" data-end=\"595\">(2) Das Fahrzeug wird im Ist-Zustand, wie vor Ort besichtigt, probegefahren und getestet, verkauft.<\/p><hr data-start=\"597\" data-end=\"600\" \/><h2 style=\"text-align: left;\" data-section-id=\"1l03nyw\" data-start=\"602\" data-end=\"628\"><span role=\"text\"><strong data-start=\"605\" data-end=\"628\">II. Vertragsschluss<\/strong><\/span><\/h2><p style=\"text-align: left;\" data-start=\"630\" data-end=\"701\">(1) Der K\u00e4ufer ist an sein Angebot f\u00fcr die Dauer von 14 Tagen gebunden.<\/p><p style=\"text-align: left;\" data-start=\"703\" data-end=\"868\">(2) Der Kaufvertrag kommt durch schriftliche Annahme des Angebots durch den Verk\u00e4ufer oder durch Lieferung des Kaufgegenstandes innerhalb der Bindungsfrist zustande.<\/p><hr data-start=\"870\" data-end=\"873\" \/><h2 style=\"text-align: left;\" data-section-id=\"1uo46bx\" data-start=\"875\" data-end=\"918\"><span role=\"text\"><strong data-start=\"878\" data-end=\"918\">III. Kaufpreis \/ Zahlungsbedingungen<\/strong><\/span><\/h2><p style=\"text-align: left;\" data-start=\"920\" data-end=\"1028\">(1) Alle Preise verstehen sich ab Standort des Kaufgegenstandes und netto zzgl. gesetzlicher Mehrwertsteuer.<\/p><p style=\"text-align: left;\" data-start=\"1030\" data-end=\"1181\">(2) Der Kaufpreis ist, sofern nichts anderes schriftlich vereinbart wurde, <strong data-start=\"1105\" data-end=\"1180\">innerhalb von 10 Tagen ab Vertragsschluss ohne Abzug zur Zahlung f\u00e4llig<\/strong>.<\/p><p style=\"text-align: left;\" data-start=\"1183\" data-end=\"1287\">(3) Eine vereinbarte Anzahlung dient als <strong data-start=\"1224\" data-end=\"1247\">Sicherheitsleistung<\/strong> und wird auf den Kaufpreis angerechnet.<\/p><p style=\"text-align: left;\" data-start=\"1289\" data-end=\"1407\">(4) Ger\u00e4t der K\u00e4ufer in Zahlungsverzug, ist der Verk\u00e4ufer berechtigt, Verzugszinsen in gesetzlicher H\u00f6he zu verlangen.<\/p><p style=\"text-align: left;\" data-start=\"1409\" data-end=\"1571\">(5) Im Falle des Zahlungsverzugs ist der Verk\u00e4ufer nach erfolgloser Fristsetzung berechtigt, vom Vertrag zur\u00fcckzutreten und das Fahrzeug anderweitig zu ver\u00e4u\u00dfern.<\/p><hr data-start=\"1573\" data-end=\"1576\" \/><h2 style=\"text-align: left;\" data-section-id=\"cz08h5\" data-start=\"1578\" data-end=\"1632\"><span role=\"text\"><strong data-start=\"1581\" data-end=\"1632\">IV. R\u00fccktritt \/ Schadensersatz bei Nichtzahlung<\/strong><\/span><\/h2><p style=\"text-align: left;\" data-start=\"1634\" data-end=\"1810\">(1) Kommt der K\u00e4ufer seinen Zahlungsverpflichtungen trotz F\u00e4lligkeit und angemessener Nachfristsetzung nicht nach, ist der Verk\u00e4ufer berechtigt, vom Kaufvertrag zur\u00fcckzutreten.<\/p><p style=\"text-align: left;\" data-start=\"1812\" data-end=\"1937\">(2) In diesem Fall ist der Verk\u00e4ufer berechtigt, <strong data-start=\"1861\" data-end=\"1923\">pauschalen Schadensersatz in H\u00f6he von 10 % des Kaufpreises<\/strong> zu verlangen.<\/p><p style=\"text-align: left;\" data-start=\"1939\" data-end=\"2060\">(3) Eine geleistete Anzahlung wird auf den Schadensersatz angerechnet und kann in entsprechender H\u00f6he einbehalten werden.<\/p><p style=\"text-align: left;\" data-start=\"2062\" data-end=\"2201\">(4) Dem K\u00e4ufer bleibt ausdr\u00fccklich der Nachweis vorbehalten, dass dem Verk\u00e4ufer kein oder ein wesentlich geringerer Schaden entstanden ist.<\/p><p style=\"text-align: left;\" data-start=\"2203\" data-end=\"2303\">(5) Der Verk\u00e4ufer ist berechtigt, einen \u00fcber die Pauschale hinausgehenden Schaden geltend zu machen.<\/p><hr data-start=\"2305\" data-end=\"2308\" \/><h2 style=\"text-align: left;\" data-section-id=\"tzkdwx\" data-start=\"2310\" data-end=\"2327\"><span role=\"text\"><strong data-start=\"2313\" data-end=\"2327\">V. Abnahme<\/strong><\/span><\/h2><p style=\"text-align: left;\" data-start=\"2329\" data-end=\"2453\">(1) Der K\u00e4ufer ist verpflichtet, den Kaufgegenstand innerhalb von 10 Tagen nach Zugang der Bereitstellungsanzeige abzuholen.<\/p><p style=\"text-align: left;\" data-start=\"2455\" data-end=\"2595\">(2) Erfolgt die Abnahme nicht innerhalb dieser Frist, ist der Verk\u00e4ufer berechtigt, <strong data-start=\"2539\" data-end=\"2581\">Standgeb\u00fchren in H\u00f6he von 10 \u20ac pro Tag<\/strong> zu berechnen.<\/p><p style=\"text-align: left;\" data-start=\"2597\" data-end=\"2717\">(3) Mit Ablauf der Abnahmefrist geht die Gefahr des zuf\u00e4lligen Untergangs oder der Verschlechterung auf den K\u00e4ufer \u00fcber.<\/p><hr data-start=\"2719\" data-end=\"2722\" \/><h2 style=\"text-align: left;\" data-section-id=\"l4wzsm\" data-start=\"2724\" data-end=\"2753\"><span role=\"text\"><strong data-start=\"2727\" data-end=\"2753\">VI. Eigentumsvorbehalt<\/strong><\/span><\/h2><p style=\"text-align: left;\" data-start=\"2755\" data-end=\"2882\">(1) Der Kaufgegenstand bleibt bis zur vollst\u00e4ndigen Zahlung s\u00e4mtlicher Forderungen aus dem Kaufvertrag Eigentum des Verk\u00e4ufers.<\/p><p style=\"text-align: left;\" data-start=\"2884\" data-end=\"2975\">(2) W\u00e4hrend des Eigentumsvorbehalts darf der K\u00e4ufer nicht \u00fcber den Kaufgegenstand verf\u00fcgen.<\/p><p style=\"text-align: left;\" data-start=\"2977\" data-end=\"3074\">(3) Im Falle des Zahlungsverzugs ist der Verk\u00e4ufer berechtigt, den Kaufgegenstand zur\u00fcckzunehmen.<\/p><p style=\"text-align: left;\" data-start=\"3076\" data-end=\"3253\">(4) Kosten der R\u00fccknahme und Verwertung tr\u00e4gt der K\u00e4ufer. Die Verwertungskosten betragen pauschal 5 % des Verwertungserl\u00f6ses, sofern kein abweichender Schaden nachgewiesen wird.<\/p><hr data-start=\"3255\" data-end=\"3258\" \/><h2 style=\"text-align: left;\" data-section-id=\"1v2wx2i\" data-start=\"3260\" data-end=\"3289\"><span role=\"text\"><strong data-start=\"3263\" data-end=\"3289\">VII. Sachm\u00e4ngelhaftung<\/strong><\/span><\/h2><p style=\"text-align: left;\" data-start=\"3291\" data-end=\"3388\">(1) Der Verkauf erfolgt unter Ausschluss jeglicher Sachm\u00e4ngelhaftung, soweit gesetzlich zul\u00e4ssig.<\/p><p style=\"text-align: left;\" data-start=\"3390\" data-end=\"3486\">(2) Ausgenommen hiervon sind F\u00e4lle von Arglist, Vorsatz oder ausdr\u00fccklich \u00fcbernommener Garantie.<\/p><hr data-start=\"3488\" data-end=\"3491\" \/><h2 style=\"text-align: left;\" data-section-id=\"c5o8vn\" data-start=\"3493\" data-end=\"3513\"><span role=\"text\"><strong data-start=\"3496\" data-end=\"3513\">VIII. Haftung<\/strong><\/span><\/h2><p style=\"text-align: left;\" data-start=\"3515\" data-end=\"3591\">(1) Der Verk\u00e4ufer haftet unbeschr\u00e4nkt bei Vorsatz und grober Fahrl\u00e4ssigkeit.<\/p><p style=\"text-align: left;\" data-start=\"3593\" data-end=\"3716\">(2) Bei leichter Fahrl\u00e4ssigkeit haftet der Verk\u00e4ufer nur bei Verletzung wesentlicher Vertragspflichten (Kardinalpflichten).<\/p><p style=\"text-align: left;\" data-start=\"3718\" data-end=\"3768\">(3) Eine weitergehende Haftung ist ausgeschlossen.<\/p><hr data-start=\"3770\" data-end=\"3773\" \/><h2 style=\"text-align: left;\" data-section-id=\"1fzljb9\" data-start=\"3775\" data-end=\"3805\"><span role=\"text\"><strong data-start=\"3778\" data-end=\"3805\">IX. Schlussbestimmungen<\/strong><\/span><\/h2><p style=\"text-align: left;\" data-start=\"3807\" data-end=\"3835\">(1) Es gilt deutsches Recht.<\/p><p style=\"text-align: left;\" data-start=\"3837\" data-end=\"3903\">(2) Gerichtsstand ist \u2013 soweit zul\u00e4ssig \u2013 der Sitz des Verk\u00e4ufers.<\/p><p style=\"text-align: left;\" data-start=\"3905\" data-end=\"3947\">(3) M\u00fcndliche Nebenabreden bestehen nicht.<\/p>\t\t\t\t\t<\/div>\n\t\t\t\t\t\t<\/div>\n\t\t\t\t<\/div>\n\t\t\t\t\t\t<\/div>\n\t\t\t\t\t<\/div>\n\t\t<\/div>\n\t\t\t\t\t\t\t\t<\/div>\n\t\t\t\t\t<\/div>\n\t\t<\/section>\n\t\t\t\t\t\t\t\t\t<\/div>\n\t\t\t<\/div>\n\t\t\t\t\t<\/div>\n\t\t","protected":false},"excerpt":{"rendered":"<p>Allgemeine Gesch\u00e4ftsbedingungen Allgemeine Gesch\u00e4ftsbedingungen f\u00fcr gebrauchte Kraftfahrzeuge I. Vertragsgegenstand (1) Die nachstehenden Allgemeinen Gesch\u00e4ftsbedingungen gelten f\u00fcr den Verkauf gebrauchter Kraftfahrzeuge im unternehmerischen Gesch\u00e4ftsverkehr (B2B). (2) Das Fahrzeug wird im Ist-Zustand, wie vor Ort besichtigt, probegefahren und getestet, verkauft. II. Vertragsschluss (1) Der K\u00e4ufer ist an sein Angebot f\u00fcr die Dauer von 14 Tagen gebunden. (2)<a class=\"read-more\" href=\"https:\/\/www.nbc-trucks.de\/?page_id=22\"><br \/>-> Continue reading<span class=\"screen-reader-text\">  AGB<\/span><\/a><\/p>\n","protected":false},"author":1,"featured_media":0,"parent":0,"menu_order":0,"comment_status":"closed","ping_status":"closed","template":"elementor_header_footer","meta":[],"_links":{"self":[{"href":"https:\/\/www.nbc-trucks.de\/index.php?rest_route=\/wp\/v2\/pages\/22"}],"collection":[{"href":"https:\/\/www.nbc-trucks.de\/index.php?rest_route=\/wp\/v2\/pages"}],"about":[{"href":"https:\/\/www.nbc-trucks.de\/index.php?rest_route=\/wp\/v2\/types\/page"}],"author":[{"embeddable":true,"href":"https:\/\/www.nbc-trucks.de\/index.php?rest_route=\/wp\/v2\/users\/1"}],"replies":[{"embeddable":true,"href":"https:\/\/www.nbc-trucks.de\/index.php?rest_route=%2Fwp%2Fv2%2Fcomments&post=22"}],"version-history":[{"count":15,"href":"https:\/\/www.nbc-trucks.de\/index.php?rest_route=\/wp\/v2\/pages\/22\/revisions"}],"predecessor-version":[{"id":11172,"href":"https:\/\/www.nbc-trucks.de\/index.php?rest_route=\/wp\/v2\/pages\/22\/revisions\/11172"}],"wp:attachment":[{"href":"https:\/\/www.nbc-trucks.de\/index.php?rest_route=%2Fwp%2Fv2%2Fmedia&parent=22"}],"curies":[{"name":"wp","href":"https:\/\/api.w.org\/{rel}","templated":true}]}}