{"id":10899,"date":"2018-07-18T16:08:19","date_gmt":"2018-07-18T16:08:19","guid":{"rendered":"http:\/\/www.nbc-trucks.de\/?page_id=10899"},"modified":"2018-07-18T16:21:51","modified_gmt":"2018-07-18T16:21:51","slug":"elementor-10899","status":"publish","type":"page","link":"https:\/\/www.nbc-trucks.de\/?page_id=10899","title":{"rendered":"Finanzierung"},"content":{"rendered":"\t\t<div data-elementor-type=\"wp-post\" data-elementor-id=\"10899\" class=\"elementor elementor-10899 elementor-bc-flex-widget\">\n\t\t\t\t\t\t<div class=\"elementor-inner\">\n\t\t\t\t<div class=\"elementor-section-wrap\">\n\t\t\t\t\t\t\t\t\t<section class=\"elementor-section elementor-top-section elementor-element elementor-element-e6955eb elementor-section-boxed elementor-section-height-default elementor-section-height-default\" data-id=\"e6955eb\" data-element_type=\"section\">\n\t\t\t\t\t\t<div class=\"elementor-container elementor-column-gap-default\">\n\t\t\t\t\t\t\t<div class=\"elementor-row\">\n\t\t\t\t\t<div class=\"elementor-column elementor-col-100 elementor-top-column elementor-element elementor-element-e54a620\" data-id=\"e54a620\" data-element_type=\"column\">\n\t\t\t<div class=\"elementor-column-wrap elementor-element-populated\">\n\t\t\t\t\t\t\t<div class=\"elementor-widget-wrap\">\n\t\t\t\t\t\t<div class=\"elementor-element elementor-element-e20b71c elementor-widget elementor-widget-heading\" data-id=\"e20b71c\" data-element_type=\"widget\" data-widget_type=\"heading.default\">\n\t\t\t\t<div class=\"elementor-widget-container\">\n\t\t\t<h2 class=\"elementor-heading-title elementor-size-default\">Finanzierung<\/h2>\t\t<\/div>\n\t\t\t\t<\/div>\n\t\t\t\t\t\t<\/div>\n\t\t\t\t\t<\/div>\n\t\t<\/div>\n\t\t\t\t\t\t\t\t<\/div>\n\t\t\t\t\t<\/div>\n\t\t<\/section>\n\t\t\t\t<section class=\"elementor-section elementor-top-section elementor-element elementor-element-aff3037 elementor-section-boxed elementor-section-height-default elementor-section-height-default\" data-id=\"aff3037\" data-element_type=\"section\">\n\t\t\t\t\t\t<div class=\"elementor-container elementor-column-gap-default\">\n\t\t\t\t\t\t\t<div class=\"elementor-row\">\n\t\t\t\t\t<div class=\"elementor-column elementor-col-100 elementor-top-column elementor-element elementor-element-f3bab98\" data-id=\"f3bab98\" data-element_type=\"column\">\n\t\t\t<div class=\"elementor-column-wrap elementor-element-populated\">\n\t\t\t\t\t\t\t<div class=\"elementor-widget-wrap\">\n\t\t\t\t\t\t<div class=\"elementor-element elementor-element-4142520 elementor-widget elementor-widget-text-editor\" data-id=\"4142520\" data-element_type=\"widget\" data-widget_type=\"text-editor.default\">\n\t\t\t\t<div class=\"elementor-widget-container\">\n\t\t\t\t\t\t\t\t<div class=\"elementor-text-editor elementor-clearfix\">\n\t\t\t\t\t\t\t\t\t<\/div>\n\t\t\t\t\t\t<\/div>\n\t\t\t\t<\/div>\n\t\t\t\t\t\t<\/div>\n\t\t\t\t\t<\/div>\n\t\t<\/div>\n\t\t\t\t\t\t\t\t<\/div>\n\t\t\t\t\t<\/div>\n\t\t<\/section>\n\t\t\t\t<section class=\"elementor-section elementor-top-section elementor-element elementor-element-74d1b6c elementor-section-boxed elementor-section-height-default elementor-section-height-default\" data-id=\"74d1b6c\" data-element_type=\"section\">\n\t\t\t\t\t\t<div class=\"elementor-container elementor-column-gap-default\">\n\t\t\t\t\t\t\t<div class=\"elementor-row\">\n\t\t\t\t\t<div class=\"elementor-column elementor-col-100 elementor-top-column elementor-element elementor-element-440762c\" data-id=\"440762c\" data-element_type=\"column\">\n\t\t\t<div class=\"elementor-column-wrap elementor-element-populated\">\n\t\t\t\t\t\t\t<div class=\"elementor-widget-wrap\">\n\t\t\t\t\t\t<div class=\"elementor-element elementor-element-9eb3781 elementor-widget elementor-widget-spacer\" data-id=\"9eb3781\" data-element_type=\"widget\" data-widget_type=\"spacer.default\">\n\t\t\t\t<div class=\"elementor-widget-container\">\n\t\t\t\t\t<div class=\"elementor-spacer\">\n\t\t\t<div class=\"elementor-spacer-inner\"><\/div>\n\t\t<\/div>\n\t\t\t\t<\/div>\n\t\t\t\t<\/div>\n\t\t\t\t\t\t<\/div>\n\t\t\t\t\t<\/div>\n\t\t<\/div>\n\t\t\t\t\t\t\t\t<\/div>\n\t\t\t\t\t<\/div>\n\t\t<\/section>\n\t\t\t\t<section class=\"elementor-section elementor-top-section elementor-element elementor-element-c929fc5 elementor-section-boxed elementor-section-height-default elementor-section-height-default\" data-id=\"c929fc5\" data-element_type=\"section\">\n\t\t\t\t\t\t<div class=\"elementor-container elementor-column-gap-default\">\n\t\t\t\t\t\t\t<div class=\"elementor-row\">\n\t\t\t\t\t<div class=\"elementor-column elementor-col-100 elementor-top-column elementor-element elementor-element-384c73d\" data-id=\"384c73d\" data-element_type=\"column\">\n\t\t\t<div class=\"elementor-column-wrap elementor-element-populated\">\n\t\t\t\t\t\t\t<div class=\"elementor-widget-wrap\">\n\t\t\t\t\t\t<div class=\"elementor-element elementor-element-39a8d60 elementor-widget elementor-widget-heading\" data-id=\"39a8d60\" data-element_type=\"widget\" data-widget_type=\"heading.default\">\n\t\t\t\t<div class=\"elementor-widget-container\">\n\t\t\t<h2 class=\"elementor-heading-title elementor-size-default\">Finanzierung<\/h2>\t\t<\/div>\n\t\t\t\t<\/div>\n\t\t\t\t\t\t<\/div>\n\t\t\t\t\t<\/div>\n\t\t<\/div>\n\t\t\t\t\t\t\t\t<\/div>\n\t\t\t\t\t<\/div>\n\t\t<\/section>\n\t\t\t\t<section class=\"elementor-section elementor-top-section elementor-element elementor-element-0beeb17 elementor-section-boxed elementor-section-height-default elementor-section-height-default\" data-id=\"0beeb17\" data-element_type=\"section\">\n\t\t\t\t\t\t<div class=\"elementor-container elementor-column-gap-default\">\n\t\t\t\t\t\t\t<div class=\"elementor-row\">\n\t\t\t\t\t<div class=\"elementor-column elementor-col-100 elementor-top-column elementor-element elementor-element-ca719b1\" data-id=\"ca719b1\" data-element_type=\"column\">\n\t\t\t<div class=\"elementor-column-wrap elementor-element-populated\">\n\t\t\t\t\t\t\t<div class=\"elementor-widget-wrap\">\n\t\t\t\t\t\t<div class=\"elementor-element elementor-element-2caf98e elementor-widget elementor-widget-text-editor\" data-id=\"2caf98e\" data-element_type=\"widget\" data-widget_type=\"text-editor.default\">\n\t\t\t\t<div class=\"elementor-widget-container\">\n\t\t\t\t\t\t\t\t<div class=\"elementor-text-editor elementor-clearfix\">\n\t\t\t\t<p><img loading=\"lazy\" class=\"size-medium wp-image-10902 alignright\" src=\"http:\/\/web.nbc-trucks.de\/wp-content\/uploads\/2018\/07\/Finanzierung-1-768x514-300x201.jpg\" alt=\"\" width=\"300\" height=\"201\" srcset=\"https:\/\/www.nbc-trucks.de\/wp-content\/uploads\/2018\/07\/Finanzierung-1-768x514-300x201.jpg 300w, https:\/\/www.nbc-trucks.de\/wp-content\/uploads\/2018\/07\/Finanzierung-1-768x514.jpg 768w, https:\/\/www.nbc-trucks.de\/wp-content\/uploads\/2018\/07\/Finanzierung-1-768x514-750x500.jpg 750w\" sizes=\"(max-width: 300px) 100vw, 300px\" \/><\/p><p style=\"font-weight: 400; text-align: left;\">Unsere Kunden k\u00f6nnen auch bei uns einfach und g\u00fcnstig die Fahrzeuge finanzieren lassen.<\/p><p style=\"font-weight: 400; text-align: left;\">\u00dcberwiegend arbeiten wir mit den folgenden erfahrenen Finanzierungspartnern zusammen:<\/p><p style=\"font-weight: 400; text-align: left;\">\u00a0<\/p><ul><li style=\"font-weight: 400; text-align: left;\">Ascenta Leasing<\/li><li style=\"font-weight: 400; text-align: left;\">Abcfinance<\/li><li style=\"font-weight: 400; text-align: left;\">MIA-Leasing<\/li><li style=\"font-weight: 400; text-align: left;\">GEFA<\/li><li style=\"font-weight: 400; text-align: left;\">Renta Leasing<\/li><\/ul><div style=\"text-align: left;\">\u00a0<\/div><div style=\"text-align: left;\">\u00a0<\/div><div style=\"text-align: left;\">\u00a0<\/div>\t\t\t\t\t<\/div>\n\t\t\t\t\t\t<\/div>\n\t\t\t\t<\/div>\n\t\t\t\t\t\t<\/div>\n\t\t\t\t\t<\/div>\n\t\t<\/div>\n\t\t\t\t\t\t\t\t<\/div>\n\t\t\t\t\t<\/div>\n\t\t<\/section>\n\t\t\t\t\t\t\t\t\t<\/div>\n\t\t\t<\/div>\n\t\t\t\t\t<\/div>\n\t\t","protected":false},"excerpt":{"rendered":"<p>Finanzierung Finanzierung Unsere Kunden k\u00f6nnen auch bei uns einfach und g\u00fcnstig die Fahrzeuge finanzieren lassen. \u00dcberwiegend arbeiten wir mit den folgenden erfahrenen Finanzierungspartnern zusammen: \u00a0 Ascenta Leasing Abcfinance MIA-Leasing GEFA Renta Leasing \u00a0\u00a0\u00a0<\/p>\n","protected":false},"author":1,"featured_media":0,"parent":0,"menu_order":0,"comment_status":"closed","ping_status":"closed","template":"elementor_header_footer","meta":[],"_links":{"self":[{"href":"https:\/\/www.nbc-trucks.de\/index.php?rest_route=\/wp\/v2\/pages\/10899"}],"collection":[{"href":"https:\/\/www.nbc-trucks.de\/index.php?rest_route=\/wp\/v2\/pages"}],"about":[{"href":"https:\/\/www.nbc-trucks.de\/index.php?rest_route=\/wp\/v2\/types\/page"}],"author":[{"embeddable":true,"href":"https:\/\/www.nbc-trucks.de\/index.php?rest_route=\/wp\/v2\/users\/1"}],"replies":[{"embeddable":true,"href":"https:\/\/www.nbc-trucks.de\/index.php?rest_route=%2Fwp%2Fv2%2Fcomments&post=10899"}],"version-history":[{"count":14,"href":"https:\/\/www.nbc-trucks.de\/index.php?rest_route=\/wp\/v2\/pages\/10899\/revisions"}],"predecessor-version":[{"id":10915,"href":"https:\/\/www.nbc-trucks.de\/index.php?rest_route=\/wp\/v2\/pages\/10899\/revisions\/10915"}],"wp:attachment":[{"href":"https:\/\/www.nbc-trucks.de\/index.php?rest_route=%2Fwp%2Fv2%2Fmedia&parent=10899"}],"curies":[{"name":"wp","href":"https:\/\/api.w.org\/{rel}","templated":true}]}}